 of 307965064.
2, 11, 17, 139, 1481
List the prime factors of 90926730.
2, 3, 5, 1010297
List the prime factors of 267039298.
2, 17, 7854097
What are the prime factors of 85700009?
17, 179, 28163
List the prime factors of 160899333.
3, 7, 641, 11953
List the prime factors of 27790959.
3, 7, 37, 47, 761
What are the prime factors of 73344340?
2, 5, 1697, 2161
What are the prime factors of 11194302?
2, 3, 7, 179, 1489
List the prime factors of 194390364.
2, 3, 7, 29, 199, 401
What are the prime factors of 1391556812?
2, 13711, 25373
What are the prime factors of 12253235?
5, 109, 22483
List the prime factors of 513967470.
2, 3, 5, 17132249
List the prime factors of 4251473582.
2, 389, 5464619
What are the prime factors of 54290002?
2, 13, 2088077
What are the prime factors of 8250964638?
2, 3, 7, 29, 6774191
What are the prime factors of 1355906843?
1355906843
List the prime factors of 14435960.
2, 5, 7, 11, 43, 109
What are the prime factors of 2409660595?
5, 59, 8168341
What are the prime factors of 1314764?
2, 11, 29881
List the prime factors of 7216164764.
2, 149, 12107659
List the prime factors of 2172717857.
2172717857
What are the prime factors of 1466819028?
2, 3, 40744973
What are the prime factors of 4406473?
53, 71, 1171
What are the prime factors of 231060395?
5, 139, 332461
What are the prime factors of 3328395287?
7, 47, 215249
List the prime factors of 1760413073.
53, 33215341
What are the prime factors of 164918455?
5, 13, 613, 4139
What are the prime factors of 33878134?
2, 16939067
List the prime factors of 85627698.
2, 3, 13, 1097791
List the prime factors of 84263224.
2, 10532903
What are the prime factors of 2311695446?
2, 3691, 313153
What are the prime factors of 4571628956?
2, 67, 17058317
What are the prime factors of 69734622?
2, 3, 229, 50753
What are the prime factors of 31315144?
2, 7, 23, 41, 593
What are the prime factors of 1364325552?
2, 3, 19, 166219
What are the prime factors of 8099829?
3, 899981
What are the prime factors of 3962187138?
2, 3, 7, 13, 23, 47, 137
List the prime factors of 653058998.
2, 137, 2383427
What are the prime factors of 599881114?
2, 7, 467, 91753
List the prime factors of 1134365286.
2, 3, 41, 4611241
What are the prime factors of 638571798?
2, 3, 19, 47, 39727
List the prime factors of 245097003.
3, 101, 179, 4519
List the prime factors of 16197117.
3, 5399039
What are the prime factors of 556621669?
556621669
What are the prime factors of 2902514272?
2, 7, 12957653
List the prime factors of 41344555.
5, 7, 151, 7823
List the prime factors of 322150753.
322150753
List the prime factors of 2962770071.
2962770071
List the prime factors of 50829511.
2579, 19709
What are the prime factors of 68498939?
89, 107, 7193
What are the prime factors of 771280574?
2, 23, 509, 32941
List the prime factors of 371317704.
2, 3, 23, 599, 1123
List the prime factors of 200481068.
2, 17, 73, 40387
List the prime factors of 726992630.
2, 5, 7, 13, 19, 2213
What are the prime factors of 7382968?
2, 113, 8167
List the prime factors of 364956459.
3, 7, 17, 31, 673
What are the prime factors of 216202075?
5, 8648083
What are the prime factors of 822709593?
3, 91412177
What are the prime factors of 104956201?
7, 14993743
What are the prime factors of 43101344?
2, 11, 13, 9419
What are the prime factors of 713201640?
2, 3, 5, 29, 37, 191
What are the prime factors of 250201782?
2, 3, 13900099
List the prime factors of 39027478.
2, 7, 17, 163981
What are the prime factors of 56515636?
2, 601, 23509
List the prime factors of 57800242.
2, 19, 23, 41, 1613
List the prime factors of 317182348.
2, 7, 59, 191999
List the prime factors of 3302584552.
2, 412823069
What are the prime factors of 68740024?
2, 19, 137, 3301
What are the prime factors of 53584945?
5, 109, 98321
What are the prime factors of 3237959043?
3, 11, 17, 19, 11251
What are the prime factors of 98473647?
3, 29, 1131881
List the prime factors of 196613506.
2, 5309, 18517
List the prime factors of 44098528.
2, 97, 14207
List the prime factors of 315126306.
2, 3, 11, 1591547
What are the prime factors of 244109909?
97, 211, 11927
What are the prime factors of 74717183?
74717183
List the prime factors of 1069652962.
2, 7, 76403783
What are the prime factors of 135873513?
3, 73, 2833
List the prime factors of 3280520617.
11, 17, 47, 127, 2939
List the prime factors of 1047294089.
1047294089
List the prime factors of 1277646233.
107, 283, 42193
What are the prime factors of 126428852?
2, 11, 37, 77659
List the prime factors of 5671204265.
5, 19, 1847, 32321
What are the prime factors of 339564336?
2, 3, 7074257
List the prime factors of 469232243.
469232243
What are the prime factors of 2664100117?
7, 380585731
List the prime factors of 217020251.
7, 31002893
What are the prime factors of 763269398?
2, 23, 181, 91673
What are the prime factors of 61307347?
4357, 14071
List the prime factors of 12575873.
929, 13537
What are the prime factors of 656894174?
2, 9697, 33871
List the prime factors of 61520599.
7, 8788657
List the prime factors of 8788585.
5, 13, 135209
List the prime factors of 113072233.
113072233
What are the prime factors of 7457094136?
2, 409, 2279063
List the prime factors of 57344090.
2, 5, 19, 137, 2203
List the prime factors of 39061767.
3, 17, 31, 797
What are the prime factors of 5313249224?
2, 17, 19, 2056211
What are the prime factors of 1690894323?
3, 71, 179, 14783
List the prime factors of 2461086463.
11, 499, 448367
What are the prime factors of 117612509?
7, 16801787
List the prime factors of 552540979.
552540979
List the prime factors of 2757560734.
2, 1378780367
List the prime factors of 209325812.
2, 19, 107, 25741
What are the prime factors of 2679020575?
5, 7, 11, 431, 3229
What are the prime factors of 3149605121?
13, 1523, 159079
List the prime factors of 6159131469.
3, 684347941
List the prime factors of 20711611.
20711611
List the prime factors of 55147807.
11, 13, 35059
What are the prime factors of 4925220609?
3, 1641740203
What are the prime factors of 2898728339?
13, 211, 1056773
List the prime factors of 1828544198.
2, 13, 101, 696323
List the prime factors of 39238018.
2, 19619009
List the prime factors of 1190132304.
2, 3, 3203, 7741
What are the prime factors of 533556458?
2, 17, 15692837
What are the prime factors of 80425941?
3, 3067, 8741
What are the prime factors of 509864137?
179, 823, 3461
What are the prime factors of 71711889?
3, 131, 182473
List the prime factors of 343282559.
37, 499, 18593
List the prime factors of 21965976.
2, 3, 19, 16057
List the prime factors of 133116364.
2, 23, 1446917
List the prime factors of 644151111.
3, 5419, 39623
What are the prime factors of 526491798?
2, 3, 7, 149, 84131
What are the prime factors of 329507212?
2, 59, 1396217
What are the prime factors of 1730435236?
2, 17, 151, 168527
What are the prime factors of 259991875?
5, 11, 13, 2909
List the prime factors of 29969060.
2, 5, 11, 136223
What are the prime factors of 210575954?
2, 37, 277, 10273
List the prime factors of 1919733875.
5, 19, 808309
What are the prime factors of 28837160?
2, 5, 11, 65539
List the prime factors of 76547807.
7, 3083, 3547
What are the prime factors of 2596128759?
3, 7, 31, 223, 1987
List the prime factors of 57986961.
3, 2411, 8017
List the prime factors of 565361470.
2, 5, 56536147
List the prime factors of 231483094.
2, 139, 832673
What are the prime factors of 10484189?
17, 616717
What are the prime factors of 95230089?
3, 61, 89, 1949
List the prime factors of 51433042.
2, 25716521
What are the prime factors of 202446264?
2, 3, 8435261
What are the prime factors of 2164127660?
2, 5, 108206383
What are the prime factors of 78400338?
2, 3, 13066723
What are the prime factors of 689667381?
3, 13, 67, 97, 907
List the prime factors of 81412955.
5, 13, 1252507
List the prime factors of 398502449.
137, 277, 10501
What are the prime factors of 54070804?
2, 173, 78137
List the prime factors of 4834604.
2, 1208651
List the prime factors of 2155909208.
2, 677, 398063
List the prime factors of 2504404859.
11, 67, 3398107
What are the prime factors of 7310060642?
2, 41, 89147081
What are the prime factors of 34731329?
419, 82891
What are the prime factors of 100781425?
5, 1487, 2711
List